 10*g - 257600 = 0. What are the prime factors of g?
2, 5, 7, 23
Suppose -22*b + 38349 + 50047 = 0. What are the prime factors of b?
2, 7, 41
Suppose 48*n + 288 = 64*n. What are the prime factors of (-20)/90 + 2110/n?
3, 13
Let w be -2317*5/(-6 + 1). Suppose 4*p + w = 3*q + 2*q, 0 = q - 4*p - 457. List the prime factors of q.
3, 5, 31
Let o(m) = -10*m**2 + 88*m + 320. Let k(p) = -7*p**2 + 59*p + 214. Let b(s) = -7*k(s) + 5*o(s). List the prime factors of b(14).
2, 71
Let o(n) = 10*n - 24. Let j be o(4). Suppose -j*b = -15*b - 340. Suppose 0 = 9*r - 4*r - b. List the prime factors of r.
2, 17
Let t = 7020 - 6270. What are the prime factors of t?
2, 3, 5
Suppose 7*t - 110 = -4*t. List the prime factors of (-294)/245 - (-2892)/t.
2, 3
Let w = 4069 - -6202. List the prime factors of w.
10271
Suppose 0 = -533*a + 535*a + y - 20285, -5*a = -11*y - 50699. List the prime factors of a.
2, 11, 461
Let s(r) = 8*r**3 - r + 1. Let y be s(1). Let k(i) = y - 12 + 15*i**2 + 7 - 4*i. What are the prime factors of k(1)?
2, 7
Suppose -x + 0 - 10 = 0. Let j be (3 - 1494/x)/(6/20). What are the prime factors of (7/(-7))/(-2)*(0 + j)?
2, 127
Let d be (-3)/(-5) - (3 - 1043/(-5)). Let m = d - -373. What are the prime factors of m?
2, 3
Suppose 0 = 4*f - 1024*v + 1027*v - 10576, 5*f - 13226 = -3*v. List the prime factors of f.
2, 5, 53
Let p = -41092 - -58741. Suppose -24*j + p = -15*j. List the prime factors of j.
37, 53
Suppose 9*y = -y + 30. Suppose 0*r - 5*r + 3*k - 219 = 0, 4*r + y*k = -159. Let n = r - -114. List the prime factors of n.
2, 3
Let t(s) = 11*s**2 + 4*s - 100. List the prime factors of t(21).
5, 967
Let r be 18*(-12)/8*-1. What are the prime factors of 10/45 - (-2613)/r?
97
Suppose 0 = 5*o - f - 1076, 652 = 3*o + 3*f - 2*f. Suppose -5*r + o = -3*r - 4*z, 2*z + 8 = 0. List the prime factors of r.
2, 5
Suppose 2*m - 37*p = -32*p, -58 = 5*m + 2*p. Let d(s) = 1. Let h(c) = 3*c**2 + 20*c + 6. Let t(x) = -d(x) + h(x). List the prime factors of t(m).
3, 5, 7
Suppose 127*s - 36985 = 124686. Let p = -28 - -40. Suppose -5*c = 4*z - 1249, -p*c = -7*c - 2*z - s. What are the prime factors of c?
11, 23
Let l = 3410 + -1772. Let w = 2913 - l. List the prime factors of w.
3, 5, 17
Let v(l) = -39*l + 412. Let g = 716 - 744. List the prime factors of v(g).
2, 47
List the prime factors of (206870/30 - -1) + (-3)/(-9).
3, 11, 19
What are the prime factors of 12/(-8)*-2 + (83921 - -8)?
2, 20983
Let q(n) = -n**3 - 40*n**2 - 17*n + 651. What are the prime factors of q(-41)?
13, 233
Suppose m - 1535 = 2416. What are the prime factors of m?
3, 439
Suppose -2*g + 2049 = -5*f - 21, 4162 = 4*g + f. Suppose -y - g = -b, -5*y + y = -5*b + 5197. What are the prime factors of b?
17, 61
Let i = 458 + -455. Suppose 262 + 750 = 2*u - 3*a, -1524 = -i*u + 3*a. What are the prime factors of u?
2
Let g(j) = 22*j - 128. Suppose 0 = 2*y - 4*p - 5 - 3, -5*p = -3*y + 16. What are the prime factors of g(y)?
2, 17
Suppose -260 = -d - 2*f, d + 7*f - 262 = 3*f. List the prime factors of d.
2, 3, 43
Suppose -6*c = -5 + 5. Let i be -1*1*(3 - c). Let o(x) = -38*x - 9. What are the prime factors of o(i)?
3, 5, 7
Suppose -16030 = -4*x + 6202. What are the prime factors of x?
2, 7, 397
Let j = -81 - -83. Let x be j/18 - (-248)/36. Suppose 339 = -x*l + 1333. List the prime factors of l.
2, 71
Let l(i) = 152*i - 71. List the prime factors of l(34).
3, 1699
Let t(r) = -32*r - 263. Let c be t(-11). Suppose -d - 2*n = -c, -52*n + 79 = d - 48*n. What are the prime factors of d?
3, 11
Let w be 10/2*6/(-5). Let y(g) = -15*g + 15*g + 3*g**2 + 7*g + 0 - 1. What are the prime factors of y(w)?
5, 13
List the prime factors of -1858*(2/(-3) + (208/(-12) - -17)).
2, 929
Suppose 0 = -3*b - 9, -14*u + 12*u - 30 = -2*b. Let t be 128/(-5) - (-2)/(-5). Let c = u - t. List the prime factors of c.
2
Suppose 2*c + 0 = 6. Suppose -s + 196 = 4*l, -83*s + 80*s + 2*l = -630. Suppose s - 31 = c*j. List the prime factors of j.
59
Let m(w) = -30*w**2 + 700*w - 2. What are the prime factors of m(5)?
2, 3, 229
Let v = -3722 - -9298. List the prime factors of v.
2, 17, 41
Let n = 1520 + 1137. List the prime factors of n.
2657
Suppose 22*x - 14*x = 23760. Suppose x = -61*u + 67*u. What are the prime factors of u?
3, 5, 11
Suppose -3*h - 3*u - 2*u + 9061 = 0, -4*h - u = -12070. List the prime factors of h.
7, 431
Let b(d) = d**2 - 64*d - 235. Let g be b(64). Let n(l) = -4*l**3 - 3*l**2 + 1. Let u be n(3). Let p = u - g. List the prime factors of p.
101
Let z = 331 - 189. Let p = z - 135. Suppose 3*h - 5*i = 660, -5*h = -3*i + p*i - 1063. What are the prime factors of h?
5, 43
Suppose -398298 = -25*a + 14*a - 2*g, -5*a - 3*g = -181032. What are the prime factors of a?
2, 3, 5, 17, 71
Suppose 0 = 23*k + 31*k - 493560. List the prime factors of k.
2, 5, 457
Let w(t) = 27*t**2 - 8*t - 26. Let v be w(-6). Let h = v + -481. What are the prime factors of h?
3, 19
Let i(m) = 11*m**2 - 101*m + 4. Let j be i(9). Let r = 67 - 42. Let p = r - j. What are the prime factors of p?
3, 13
Let k be 228/(-38)*2/(-3). Suppose -t = 3*l - 3538, -2*t - k = -6*t. List the prime factors of l.
3, 131
Let c(t) = -73*t - 6. Let n(l) = 73*l + 6. Let y(p) = 2*c(p) + 3*n(p). Let m be y(9). Suppose 93 = -6*d + m. List the prime factors of d.
5, 19
Let r(p) = 66*p + 62. Let s be r(-1). What are the prime factors of ((-467)/(-7))/((-2)/56*s)?
467
Let t(u) = -u + 78. Suppose 155 = -9*x + 4*x. List the prime factors of t(x).
109
Let s = -812 + 1228. Suppose -7*r + 3*r + 5*k + 1634 = 0, -5*k - s = -r. List the prime factors of r.
2, 7, 29
Suppose 0 = 3*y - 9 - 6, 0 = c + 3*y - 111. Let d be (4/(-10))/(8/(-30))*6. Suppose -8*q - c = -d*q. What are the prime factors of q?
2, 3
Suppose 0 = 3*p - 3*r - 37314, -49755 = -531*p + 527*p + 3*r. What are the prime factors of p?
3, 11, 13, 29
Suppose -67*z + z = -343134. List the prime factors of z.
3, 1733
Suppose -2*g - 18 + 74 = 0. Let b = -26 + g. Let t(j) = 6*j**3 + 2*j - 8. What are the prime factors of t(b)?
2, 11
Let b be (-5)/((-4)/6 - 1/3). Suppose -436 = -6*o + b*o. What are the prime factors of o?
2, 109
Let b be (-6*(-1)/2)/((-3)/411). Let q = b + 807. Let i = q - 217. List the prime factors of i.
179
Suppose 0 = 2*v + 2*z - 18, -v - 23 = -4*v - 2*z. Suppose 0 = 10*a + v*a - 2580. Let g = 447 - a. List the prime factors of g.
5, 11
Suppose q + 125 - 118 = 0. Let d be (-899)/q - ((-126)/49 + 3). Suppose 2 - d = -w + 4*i, 2*i + 418 = 3*w. List the prime factors of w.
2, 71
Let l = -42 - -44. Suppose 0 = 2*p - t + 6, 2*p - l*t = -4*t. List the prime factors of 22/2*(-1 - p).
11
Suppose -11 = -4*y - 5*c + 12, 40 = 5*y + 4*c. Suppose 2*x = 4*u - y, 5*x + 18 - 2 = -4*u. List the prime factors of 3 - 3 - (u - 28).
3
Let h = -916 + 9677. List the prime factors of h.
8761
List the prime factors of (((-24)/12)/(-6))/(2/15258).
2543
List the prime factors of 0 + 1531411/28 + 3/(-12).
3, 59, 103
Suppose l + 4*a - 580 = 0, 0 = l - 4*a - 652 + 64. Let h = 833 + l. What are the prime factors of h?
13, 109
Suppose 4*m - 9 = -3*i, i - 8 + 5 = -4*m. Suppose 2*q - 1 = -2*v - 9, -v + i*q = -4. What are the prime factors of (2 + 2)/v + 10?
2
Let c = 161 + 516. What are the prime factors of -7*c/(-11) + (-86)/(-473)?
431
Suppose 2*d = 2*t - 588, 7*t - 597 = 5*t + 5*d. Let o = 849 - t. List the prime factors of o.
2, 3, 31
Let x be 2/(-4) - (-20)/8. Suppose -i - x = 4. Let r(k) = -k**3 - 2*k**2 + 8*k - 5. List the prime factors of r(i).
7, 13
Suppose 15*q = -51*q + 383328. List the prime factors of q.
2, 3, 11
Let q = 36618 + -15985. What are the prime factors of q?
47, 439
Suppose -79*x - 75154 = -718451. List the prime factors of x.
17, 479
Let i(q) = -3*q**3 + 30*q**2 + 16*q + 166. What are the prime factors of i(-19)?
3, 7, 1489
Let k(v) = -52*v**3 + 12*v**2 + 11*v - 8. What are the prime factors of k(-4)?
2, 3, 17
Suppose 2709 = 2*p + 3*j, 5*j = 6*p - 5*p - 1322. Let l = -805 + p. What are the prime factors of l?
2, 271
Let n = -31 - -41. Suppose r + 1208 - 42 = 4*o, -n = -5*r. List the prime factors of o.
2, 73
Suppose -4*a - 2748 = -2*r, 597 = -3*a + r - 1463. Let u = -385 - a. Suppose -2*h + 23 = -u. List the prime factors of h.
2, 3
Suppose 0 = 14*l - 809 + 11. Let u = 113 - l. List the prime factors of u.
2, 7
Let h = 49084 + 